{"id":1486,"date":"2021-03-11T19:12:15","date_gmt":"2021-03-12T00:12:15","guid":{"rendered":"https:\/\/kyodai.com.pe\/viajes\/?post_type=product&#038;p=1486"},"modified":"2023-03-04T12:53:56","modified_gmt":"2023-03-04T17:53:56","slug":"asesoria-visa-japon","status":"publish","type":"product","link":"https:\/\/kyodai.com.pe\/viajes\/producto\/asesoria-visa-japon\/","title":{"rendered":"Asesor\u00eda Visa Jap\u00f3n"},"content":{"rendered":"<p>Asesor\u00eda de Visa para Jap\u00f3n<\/p>\n<p>Asesor\u00eda : USD$ 120.00<\/p>\n<p>Itinerario: USD$ 20.00<\/p>\n<p>Tasa Consular: S\/. 103.00(*)<\/p>\n<p>(*) Precios y tasas sujetos a variaci\u00f3n<\/p>\n<p>&nbsp;<\/p>\n","protected":false},"excerpt":{"rendered":"<p>Asesor\u00eda de Visa para Jap\u00f3n Asesor\u00eda : USD$ 120.00 Itinerario: USD$ 20.00 Tasa Consular: S\/. 103.00(*) (*) Precios y tasas sujetos a variaci\u00f3n &nbsp;<\/p>\n","protected":false},"featured_media":782,"template":"","meta":{"jetpack_post_was_ever_published":false,"jetpack_publicize_message":"","jetpack_is_tweetstorm":false,"jetpack_publicize_feature_enabled":true,"jetpack_social_post_already_shared":true,"jetpack_social_options":[]},"product_cat":[23],"product_tag":[],"jetpack_publicize_connections":[],"yoast_head":"<!-- This site is optimized with the Yoast SEO plugin v20.2.1 - https:\/\/yoast.com\/wordpress\/plugins\/seo\/ -->\n<title>Asesor\u00eda Visa Jap\u00f3n - Viajes Kyodai<\/title>\n<meta name=\"robots\" content=\"index, follow, max-snippet:-1, max-image-preview:large, max-video-preview:-1\" \/>\n<link rel=\"canonical\" href=\"https:\/\/kyodai.com.pe\/viajes\/producto\/asesoria-visa-japon\/\" \/>\n<meta property=\"og:locale\" content=\"es_ES\" \/>\n<meta property=\"og:type\" content=\"article\" \/>\n<meta property=\"og:title\" content=\"Asesor\u00eda Visa Jap\u00f3n - Viajes Kyodai\" \/>\n<meta property=\"og:description\" content=\"Asesor\u00eda de Visa para Jap\u00f3n Asesor\u00eda : USD$ 120.00 Itinerario: USD$ 20.00 Tasa Consular: S\/. 103.00(*) (*) Precios y tasas sujetos a variaci\u00f3n &nbsp;\" \/>\n<meta property=\"og:url\" content=\"https:\/\/kyodai.com.pe\/viajes\/producto\/asesoria-visa-japon\/\" \/>\n<meta property=\"og:site_name\" content=\"Viajes Kyodai\" \/>\n<meta property=\"article:modified_time\" content=\"2023-03-04T17:53:56+00:00\" \/>\n<meta property=\"og:image\" content=\"https:\/\/kyodai.com.pe\/viajes\/wp-content\/uploads\/2017\/12\/jap02.png\" \/>\n\t<meta property=\"og:image:width\" content=\"1280\" \/>\n\t<meta property=\"og:image:height\" content=\"720\" \/>\n\t<meta property=\"og:image:type\" content=\"image\/png\" \/>\n<meta name=\"twitter:card\" content=\"summary_large_image\" \/>\n<meta name=\"twitter:label1\" content=\"Tiempo de lectura\" \/>\n\t<meta name=\"twitter:data1\" content=\"1 minuto\" \/>\n<script type=\"application\/ld+json\" class=\"yoast-schema-graph\">{\"@context\":\"https:\/\/schema.org\",\"@graph\":[{\"@type\":\"WebPage\",\"@id\":\"https:\/\/kyodai.com.pe\/viajes\/producto\/asesoria-visa-japon\/\",\"url\":\"https:\/\/kyodai.com.pe\/viajes\/producto\/asesoria-visa-japon\/\",\"name\":\"Asesor\u00eda Visa Jap\u00f3n - Viajes Kyodai\",\"isPartOf\":{\"@id\":\"https:\/\/kyodai.com.pe\/viajes\/#website\"},\"datePublished\":\"2021-03-12T00:12:15+00:00\",\"dateModified\":\"2023-03-04T17:53:56+00:00\",\"breadcrumb\":{\"@id\":\"https:\/\/kyodai.com.pe\/viajes\/producto\/asesoria-visa-japon\/#breadcrumb\"},\"inLanguage\":\"es\",\"potentialAction\":[{\"@type\":\"ReadAction\",\"target\":[\"https:\/\/kyodai.com.pe\/viajes\/producto\/asesoria-visa-japon\/\"]}]},{\"@type\":\"BreadcrumbList\",\"@id\":\"https:\/\/kyodai.com.pe\/viajes\/producto\/asesoria-visa-japon\/#breadcrumb\",\"itemListElement\":[{\"@type\":\"ListItem\",\"position\":1,\"name\":\"Portada\",\"item\":\"https:\/\/kyodai.com.pe\/viajes\/\"},{\"@type\":\"ListItem\",\"position\":2,\"name\":\"Asesor\u00eda Visa Jap\u00f3n\"}]},{\"@type\":\"WebSite\",\"@id\":\"https:\/\/kyodai.com.pe\/viajes\/#website\",\"url\":\"https:\/\/kyodai.com.pe\/viajes\/\",\"name\":\"Viajes Kyodai\",\"description\":\"\",\"publisher\":{\"@id\":\"https:\/\/kyodai.com.pe\/viajes\/#organization\"},\"potentialAction\":[{\"@type\":\"SearchAction\",\"target\":{\"@type\":\"EntryPoint\",\"urlTemplate\":\"https:\/\/kyodai.com.pe\/viajes\/?s={search_term_string}\"},\"query-input\":\"required name=search_term_string\"}],\"inLanguage\":\"es\"},{\"@type\":\"Organization\",\"@id\":\"https:\/\/kyodai.com.pe\/viajes\/#organization\",\"name\":\"Viajes Kyodai\",\"url\":\"https:\/\/kyodai.com.pe\/viajes\/\",\"logo\":{\"@type\":\"ImageObject\",\"inLanguage\":\"es\",\"@id\":\"https:\/\/kyodai.com.pe\/viajes\/#\/schema\/logo\/image\/\",\"url\":\"https:\/\/kyodai.com.pe\/viajes\/wp-content\/uploads\/2021\/04\/cropped-Logo-web1-2.png\",\"contentUrl\":\"https:\/\/kyodai.com.pe\/viajes\/wp-content\/uploads\/2021\/04\/cropped-Logo-web1-2.png\",\"width\":234,\"height\":70,\"caption\":\"Viajes Kyodai\"},\"image\":{\"@id\":\"https:\/\/kyodai.com.pe\/viajes\/#\/schema\/logo\/image\/\"}}]}<\/script>\n<!-- \/ Yoast SEO plugin. -->","yoast_head_json":{"title":"Asesor\u00eda Visa Jap\u00f3n - Viajes Kyodai","robots":{"index":"index","follow":"follow","max-snippet":"max-snippet:-1","max-image-preview":"max-image-preview:large","max-video-preview":"max-video-preview:-1"},"canonical":"https:\/\/kyodai.com.pe\/viajes\/producto\/asesoria-visa-japon\/","og_locale":"es_ES","og_type":"article","og_title":"Asesor\u00eda Visa Jap\u00f3n - Viajes Kyodai","og_description":"Asesor\u00eda de Visa para Jap\u00f3n Asesor\u00eda : USD$ 120.00 Itinerario: USD$ 20.00 Tasa Consular: S\/. 103.00(*) (*) Precios y tasas sujetos a variaci\u00f3n &nbsp;","og_url":"https:\/\/kyodai.com.pe\/viajes\/producto\/asesoria-visa-japon\/","og_site_name":"Viajes Kyodai","article_modified_time":"2023-03-04T17:53:56+00:00","og_image":[{"width":1280,"height":720,"url":"https:\/\/kyodai.com.pe\/viajes\/wp-content\/uploads\/2017\/12\/jap02.png","type":"image\/png"}],"twitter_card":"summary_large_image","twitter_misc":{"Tiempo de lectura":"1 minuto"},"schema":{"@context":"https:\/\/schema.org","@graph":[{"@type":"WebPage","@id":"https:\/\/kyodai.com.pe\/viajes\/producto\/asesoria-visa-japon\/","url":"https:\/\/kyodai.com.pe\/viajes\/producto\/asesoria-visa-japon\/","name":"Asesor\u00eda Visa Jap\u00f3n - Viajes Kyodai","isPartOf":{"@id":"https:\/\/kyodai.com.pe\/viajes\/#website"},"datePublished":"2021-03-12T00:12:15+00:00","dateModified":"2023-03-04T17:53:56+00:00","breadcrumb":{"@id":"https:\/\/kyodai.com.pe\/viajes\/producto\/asesoria-visa-japon\/#breadcrumb"},"inLanguage":"es","potentialAction":[{"@type":"ReadAction","target":["https:\/\/kyodai.com.pe\/viajes\/producto\/asesoria-visa-japon\/"]}]},{"@type":"BreadcrumbList","@id":"https:\/\/kyodai.com.pe\/viajes\/producto\/asesoria-visa-japon\/#breadcrumb","itemListElement":[{"@type":"ListItem","position":1,"name":"Portada","item":"https:\/\/kyodai.com.pe\/viajes\/"},{"@type":"ListItem","position":2,"name":"Asesor\u00eda Visa Jap\u00f3n"}]},{"@type":"WebSite","@id":"https:\/\/kyodai.com.pe\/viajes\/#website","url":"https:\/\/kyodai.com.pe\/viajes\/","name":"Viajes Kyodai","description":"","publisher":{"@id":"https:\/\/kyodai.com.pe\/viajes\/#organization"},"potentialAction":[{"@type":"SearchAction","target":{"@type":"EntryPoint","urlTemplate":"https:\/\/kyodai.com.pe\/viajes\/?s={search_term_string}"},"query-input":"required name=search_term_string"}],"inLanguage":"es"},{"@type":"Organization","@id":"https:\/\/kyodai.com.pe\/viajes\/#organization","name":"Viajes Kyodai","url":"https:\/\/kyodai.com.pe\/viajes\/","logo":{"@type":"ImageObject","inLanguage":"es","@id":"https:\/\/kyodai.com.pe\/viajes\/#\/schema\/logo\/image\/","url":"https:\/\/kyodai.com.pe\/viajes\/wp-content\/uploads\/2021\/04\/cropped-Logo-web1-2.png","contentUrl":"https:\/\/kyodai.com.pe\/viajes\/wp-content\/uploads\/2021\/04\/cropped-Logo-web1-2.png","width":234,"height":70,"caption":"Viajes Kyodai"},"image":{"@id":"https:\/\/kyodai.com.pe\/viajes\/#\/schema\/logo\/image\/"}}]}},"jetpack_sharing_enabled":true,"_links":{"self":[{"href":"https:\/\/kyodai.com.pe\/viajes\/wp-json\/wp\/v2\/product\/1486"}],"collection":[{"href":"https:\/\/kyodai.com.pe\/viajes\/wp-json\/wp\/v2\/product"}],"about":[{"href":"https:\/\/kyodai.com.pe\/viajes\/wp-json\/wp\/v2\/types\/product"}],"wp:featuredmedia":[{"embeddable":true,"href":"https:\/\/kyodai.com.pe\/viajes\/wp-json\/wp\/v2\/media\/782"}],"wp:attachment":[{"href":"https:\/\/kyodai.com.pe\/viajes\/wp-json\/wp\/v2\/media?parent=1486"}],"wp:term":[{"taxonomy":"product_cat","embeddable":true,"href":"https:\/\/kyodai.com.pe\/viajes\/wp-json\/wp\/v2\/product_cat?post=1486"},{"taxonomy":"product_tag","embeddable":true,"href":"https:\/\/kyodai.com.pe\/viajes\/wp-json\/wp\/v2\/product_tag?post=1486"}],"curies":[{"name":"wp","href":"https:\/\/api.w.org\/{rel}","templated":true}]}}