{"id":38164,"date":"2023-08-15T17:56:09","date_gmt":"2023-08-15T22:56:09","guid":{"rendered":"https:\/\/kyodai.com.pe\/market\/?post_type=product&#038;p=38164"},"modified":"2023-12-30T15:43:55","modified_gmt":"2023-12-30T20:43:55","slug":"matcha-kaori-chasen","status":"publish","type":"product","link":"https:\/\/kyodai.com.pe\/market\/producto\/matcha-kaori-chasen\/","title":{"rendered":"MATCHA KAORI CHASEN"},"content":{"rendered":"<p>Material: Bamb\u00fa<\/p>\n<p>Su dise\u00f1o artesanal se mantiene a lo largo de los a\u00f1os sin cambios, perdurando as\u00ed esta tradici\u00f3n ceremonial del t\u00e9 japonesa.<\/p>\n<p>La creaci\u00f3n de esta pieza artesanal pasa por un proceso largo de 4 a\u00f1os aproximadamente, desde la cosecha del bamb\u00fa luego de tres a\u00f1os de espera y posterior secado de un a\u00f1o;\u00a0permitiendo posteriormente una adecuada selecci\u00f3n de los materiales que forman este bello elemento fundamental, que hace posible el Matcha.<\/p>\n<p>Recomendaciones:<\/p>\n<ul>\n<li>Remoja el chansen en agua tibia unos minutos para brindarle una mejor elasticidad.<\/li>\n<li>Mientras preparas el matcha, mant\u00e9n movimientos suaves en el centro del recipiente evitando bordes.<\/li>\n<li>Al finalizar remoja nuevamente el chansen en agua tibia para liberar posibles restos.<\/li>\n<li>Procura mantenerlo en posici\u00f3n vertical.<\/li>\n<\/ul>\n<p><strong>\u00a1Disfruta de un buen Matcha!<\/strong><\/p>\n","protected":false},"excerpt":{"rendered":"<p><strong>Chansen para Matcha &#8211; Batidor de Bamb\u00fa Chasen 100% natural<\/strong><\/p>\n","protected":false},"author":20,"featured_media":38165,"comment_status":"open","ping_status":"closed","template":"","meta":{"advgb_blocks_editor_width":"","advgb_blocks_columns_visual_guide":""},"product_cat":[16,71,194],"product_tag":[],"giftcard-category":[],"aioseo_notices":[],"jetpack_sharing_enabled":true,"featured_img":"https:\/\/kyodai.com.pe\/market\/wp-content\/uploads\/2023\/08\/CHASEN.jpg","coauthors":[],"author_meta":{"author_link":"https:\/\/kyodai.com.pe\/market\/author\/paulo-hiyagon\/","display_name":"paulo.hiyagon"},"relative_dates":{"created":"Publicado 3 a\u00f1os hace","modified":"Actualizado 2 a\u00f1os hace"},"absolute_dates":{"created":"Publicado el 15\/08\/2023","modified":"Actualizado el 30\/12\/2023"},"absolute_dates_time":{"created":"Publicado el 15\/08\/2023 5:56 pm","modified":"Actualizado el 30\/12\/2023 3:43 pm"},"featured_img_caption":"","tax_additional":{"product_type":{"linked":["<a href=\"https:\/\/kyodai.com.pe\/market\/?taxonomy=product_type&#038;term=simple\" class=\"advgb-post-tax-term\">simple<\/a>"],"unlinked":["<span class=\"advgb-post-tax-term\">simple<\/span>"],"slug":"product_type","name":"Tipo de producto"},"product_visibility":{"linked":["<a href=\"https:\/\/kyodai.com.pe\/market\/?taxonomy=product_visibility&#038;term=exclude-from-catalog\" class=\"advgb-post-tax-term\">exclude-from-catalog<\/a>","<a href=\"https:\/\/kyodai.com.pe\/market\/?taxonomy=product_visibility&#038;term=exclude-from-search\" class=\"advgb-post-tax-term\">exclude-from-search<\/a>","<a href=\"https:\/\/kyodai.com.pe\/market\/?taxonomy=product_visibility&#038;term=outofstock\" class=\"advgb-post-tax-term\">outofstock<\/a>"],"unlinked":["<span class=\"advgb-post-tax-term\">exclude-from-catalog<\/span>","<span class=\"advgb-post-tax-term\">exclude-from-search<\/span>","<span class=\"advgb-post-tax-term\">outofstock<\/span>"],"slug":"product_visibility","name":"Visibilidad del producto"},"product_cat":{"linked":["<a href=\"https:\/\/kyodai.com.pe\/market\/categoria-producto\/bebidas\/\" class=\"advgb-post-tax-term\">BEBIDAS<\/a>","<a href=\"https:\/\/kyodai.com.pe\/market\/categoria-producto\/insumos-orientales\/\" class=\"advgb-post-tax-term\">INSUMOS ORIENTALES<\/a>","<a href=\"https:\/\/kyodai.com.pe\/market\/categoria-producto\/novedades\/\" class=\"advgb-post-tax-term\">NOVEDADES<\/a>"],"unlinked":["<span class=\"advgb-post-tax-term\">BEBIDAS<\/span>","<span class=\"advgb-post-tax-term\">INSUMOS ORIENTALES<\/span>","<span class=\"advgb-post-tax-term\">NOVEDADES<\/span>"],"slug":"product_cat","name":"Categor\u00edas del producto"},"product_tag":{"linked":[],"unlinked":[],"slug":"product_tag","name":"Etiquetas del producto"},"product_shipping_class":{"linked":[],"unlinked":[],"slug":"product_shipping_class","name":"Clases de env\u00edo del producto"},"pa_color_ropa":{"linked":[],"unlinked":[],"slug":"pa_color_ropa","name":"Color del producto"},"pa_grosor-de-la-pasta":{"linked":[],"unlinked":[],"slug":"pa_grosor-de-la-pasta","name":"Grosor de la pasta del producto"},"pa_modelo":{"linked":[],"unlinked":[],"slug":"pa_modelo","name":"Modelo del producto"},"pa_sabor":{"linked":[],"unlinked":[],"slug":"pa_sabor","name":"Sabor del producto"},"pa_talla_ropa":{"linked":[],"unlinked":[],"slug":"pa_talla_ropa","name":"Talla del producto"},"giftcard-category":{"linked":[],"unlinked":[],"slug":"giftcard-category","name":"Categor\u00edas de la tarjeta regalo"}},"series_order":"","_links":{"self":[{"href":"https:\/\/kyodai.com.pe\/market\/wp-json\/wp\/v2\/product\/38164"}],"collection":[{"href":"https:\/\/kyodai.com.pe\/market\/wp-json\/wp\/v2\/product"}],"about":[{"href":"https:\/\/kyodai.com.pe\/market\/wp-json\/wp\/v2\/types\/product"}],"replies":[{"embeddable":true,"href":"https:\/\/kyodai.com.pe\/market\/wp-json\/wp\/v2\/comments?post=38164"}],"wp:featuredmedia":[{"embeddable":true,"href":"https:\/\/kyodai.com.pe\/market\/wp-json\/wp\/v2\/media\/38165"}],"wp:attachment":[{"href":"https:\/\/kyodai.com.pe\/market\/wp-json\/wp\/v2\/media?parent=38164"}],"wp:term":[{"taxonomy":"product_cat","embeddable":true,"href":"https:\/\/kyodai.com.pe\/market\/wp-json\/wp\/v2\/product_cat?post=38164"},{"taxonomy":"product_tag","embeddable":true,"href":"https:\/\/kyodai.com.pe\/market\/wp-json\/wp\/v2\/product_tag?post=38164"},{"taxonomy":"giftcard-category","embeddable":true,"href":"https:\/\/kyodai.com.pe\/market\/wp-json\/wp\/v2\/giftcard-category?post=38164"}],"curies":[{"name":"wp","href":"https:\/\/api.w.org\/{rel}","templated":true}]}}