{"id":37919,"date":"2023-07-18T12:04:44","date_gmt":"2023-07-18T17:04:44","guid":{"rendered":"https:\/\/kyodai.com.pe\/market\/?post_type=product&#038;p=37919"},"modified":"2023-12-30T15:43:51","modified_gmt":"2023-12-30T20:43:51","slug":"asu-mare","status":"publish","type":"product","link":"https:\/\/kyodai.com.pe\/market\/producto\/asu-mare\/","title":{"rendered":"ASU MARE"},"content":{"rendered":"<p>1 Ma\u00edz COSTE\u00d1O Bolsa 500 gr<br \/>\n2 Bolsas Pop Corn preparadas 140 gr<br \/>\n1 Sazonador Pops COSTE\u00d1O 81gr<br \/>\n1 caja de jugo Bio Amayu 1 L<br \/>\n1 Chocolate NESTL\u00c9 Tri\u00e1ngulo<br \/>\nDoypack 136 gr<\/p>\n<p>*Foto referencial. Algunos productos pueden variar seg\u00fan stock.<\/p>\n","protected":false},"excerpt":{"rendered":"<p>1 Ma\u00edz COSTE\u00d1O Bolsa 500 gr 2 Bolsas Pop Corn preparadas 140 gr 1 Sazonador Pops COSTE\u00d1O 81gr 1 caja de jugo Bio Amayu 1 L 1 Chocolate NESTL\u00c9 Tri\u00e1ngulo Doypack 136 gr *Foto referencial. Algunos productos pueden variar seg\u00fan stock.<\/p>\n","protected":false},"author":404,"featured_media":37920,"comment_status":"open","ping_status":"closed","template":"","meta":{"advgb_blocks_editor_width":"","advgb_blocks_columns_visual_guide":""},"product_cat":[259],"product_tag":[],"giftcard-category":[],"aioseo_notices":[],"jetpack_sharing_enabled":true,"featured_img":"https:\/\/kyodai.com.pe\/market\/wp-content\/uploads\/2023\/07\/Artboard-1asu-mare.png","coauthors":[],"author_meta":{"author_link":"https:\/\/kyodai.com.pe\/market\/author\/marketing-kyodai\/","display_name":"Marketing Kyodai"},"relative_dates":{"created":"Publicado 3 a\u00f1os hace","modified":"Actualizado 2 a\u00f1os hace"},"absolute_dates":{"created":"Publicado el 18\/07\/2023","modified":"Actualizado el 30\/12\/2023"},"absolute_dates_time":{"created":"Publicado el 18\/07\/2023 12:04 pm","modified":"Actualizado el 30\/12\/2023 3:43 pm"},"featured_img_caption":"","tax_additional":{"product_type":{"linked":["<a href=\"https:\/\/kyodai.com.pe\/market\/?taxonomy=product_type&#038;term=simple\" class=\"advgb-post-tax-term\">simple<\/a>"],"unlinked":["<span class=\"advgb-post-tax-term\">simple<\/span>"],"slug":"product_type","name":"Tipo de producto"},"product_visibility":{"linked":["<a href=\"https:\/\/kyodai.com.pe\/market\/?taxonomy=product_visibility&#038;term=outofstock\" class=\"advgb-post-tax-term\">outofstock<\/a>"],"unlinked":["<span class=\"advgb-post-tax-term\">outofstock<\/span>"],"slug":"product_visibility","name":"Visibilidad del producto"},"product_cat":{"linked":["<a href=\"https:\/\/kyodai.com.pe\/market\/categoria-producto\/packs-contigo-peru\/\" class=\"advgb-post-tax-term\">PACKS CONTIGO PERU<\/a>"],"unlinked":["<span class=\"advgb-post-tax-term\">PACKS CONTIGO PERU<\/span>"],"slug":"product_cat","name":"Categor\u00edas del producto"},"product_tag":{"linked":[],"unlinked":[],"slug":"product_tag","name":"Etiquetas del producto"},"product_shipping_class":{"linked":[],"unlinked":[],"slug":"product_shipping_class","name":"Clases de env\u00edo del producto"},"pa_color_ropa":{"linked":[],"unlinked":[],"slug":"pa_color_ropa","name":"Color del producto"},"pa_grosor-de-la-pasta":{"linked":[],"unlinked":[],"slug":"pa_grosor-de-la-pasta","name":"Grosor de la pasta del producto"},"pa_modelo":{"linked":[],"unlinked":[],"slug":"pa_modelo","name":"Modelo del producto"},"pa_sabor":{"linked":[],"unlinked":[],"slug":"pa_sabor","name":"Sabor del producto"},"pa_talla_ropa":{"linked":[],"unlinked":[],"slug":"pa_talla_ropa","name":"Talla del producto"},"giftcard-category":{"linked":[],"unlinked":[],"slug":"giftcard-category","name":"Categor\u00edas de la tarjeta regalo"}},"series_order":"","_links":{"self":[{"href":"https:\/\/kyodai.com.pe\/market\/wp-json\/wp\/v2\/product\/37919"}],"collection":[{"href":"https:\/\/kyodai.com.pe\/market\/wp-json\/wp\/v2\/product"}],"about":[{"href":"https:\/\/kyodai.com.pe\/market\/wp-json\/wp\/v2\/types\/product"}],"replies":[{"embeddable":true,"href":"https:\/\/kyodai.com.pe\/market\/wp-json\/wp\/v2\/comments?post=37919"}],"wp:featuredmedia":[{"embeddable":true,"href":"https:\/\/kyodai.com.pe\/market\/wp-json\/wp\/v2\/media\/37920"}],"wp:attachment":[{"href":"https:\/\/kyodai.com.pe\/market\/wp-json\/wp\/v2\/media?parent=37919"}],"wp:term":[{"taxonomy":"product_cat","embeddable":true,"href":"https:\/\/kyodai.com.pe\/market\/wp-json\/wp\/v2\/product_cat?post=37919"},{"taxonomy":"product_tag","embeddable":true,"href":"https:\/\/kyodai.com.pe\/market\/wp-json\/wp\/v2\/product_tag?post=37919"},{"taxonomy":"giftcard-category","embeddable":true,"href":"https:\/\/kyodai.com.pe\/market\/wp-json\/wp\/v2\/giftcard-category?post=37919"}],"curies":[{"name":"wp","href":"https:\/\/api.w.org\/{rel}","templated":true}]}}