{"id":23500,"date":"2021-04-22T00:39:15","date_gmt":"2021-04-22T05:39:15","guid":{"rendered":"https:\/\/kyodai.com.pe\/market\/?post_type=product&#038;p=23500"},"modified":"2023-12-30T15:30:46","modified_gmt":"2023-12-30T20:30:46","slug":"pack-mama-te-engrio","status":"publish","type":"product","link":"https:\/\/kyodai.com.pe\/market\/producto\/pack-mama-te-engrio\/","title":{"rendered":"Pack Mam\u00e1 Te Engr\u00edo"},"content":{"rendered":"<p><strong>Pack Mam\u00e1 Te Engr\u00edo<\/strong><br \/>\nCrema Hidratante Antibacterial Para Manos X 90 G<br \/>\nHello Kitty \u2013 Caja De Almacenamiento Con Peque\u00f1a 15.6X11.3X7.3<br \/>\nBase y Fortalecedor De U\u00f1as &#8211; Yanbal<br \/>\nCortau\u00f1as Ergon\u00f3mico<\/p>\n","protected":false},"excerpt":{"rendered":"<p><span style=\"color: #ff8ac4;\"><strong>Engr\u00ede a Mam\u00e1 con este Lindo Pack..!!!<\/strong><\/span><\/p>\n","protected":false},"author":20,"featured_media":23483,"comment_status":"open","ping_status":"closed","template":"","meta":{"advgb_blocks_editor_width":"","advgb_blocks_columns_visual_guide":""},"product_cat":[116],"product_tag":[242,240,239,241],"giftcard-category":[],"aioseo_notices":[],"jetpack_sharing_enabled":true,"featured_img":"https:\/\/kyodai.com.pe\/market\/wp-content\/uploads\/2021\/04\/Pack-Mama\u0301-te-engri\u0301o-scaled.jpg","coauthors":[],"author_meta":{"author_link":"https:\/\/kyodai.com.pe\/market\/author\/paulo-hiyagon\/","display_name":"paulo.hiyagon"},"relative_dates":{"created":"Publicado 5 a\u00f1os hace","modified":"Actualizado 2 a\u00f1os hace"},"absolute_dates":{"created":"Publicado el 22\/04\/2021","modified":"Actualizado el 30\/12\/2023"},"absolute_dates_time":{"created":"Publicado el 22\/04\/2021 12:39 am","modified":"Actualizado el 30\/12\/2023 3:30 pm"},"featured_img_caption":"","tax_additional":{"product_type":{"linked":["<a href=\"https:\/\/kyodai.com.pe\/market\/?taxonomy=product_type&#038;term=woosb\" class=\"advgb-post-tax-term\">woosb<\/a>"],"unlinked":["<span class=\"advgb-post-tax-term\">woosb<\/span>"],"slug":"product_type","name":"Tipo de producto"},"product_visibility":{"linked":["<a href=\"https:\/\/kyodai.com.pe\/market\/?taxonomy=product_visibility&#038;term=exclude-from-catalog\" class=\"advgb-post-tax-term\">exclude-from-catalog<\/a>","<a href=\"https:\/\/kyodai.com.pe\/market\/?taxonomy=product_visibility&#038;term=exclude-from-search\" class=\"advgb-post-tax-term\">exclude-from-search<\/a>","<a href=\"https:\/\/kyodai.com.pe\/market\/?taxonomy=product_visibility&#038;term=outofstock\" class=\"advgb-post-tax-term\">outofstock<\/a>"],"unlinked":["<span class=\"advgb-post-tax-term\">exclude-from-catalog<\/span>","<span class=\"advgb-post-tax-term\">exclude-from-search<\/span>","<span class=\"advgb-post-tax-term\">outofstock<\/span>"],"slug":"product_visibility","name":"Visibilidad del producto"},"product_cat":{"linked":["<a href=\"https:\/\/kyodai.com.pe\/market\/categoria-producto\/regalos\/packs-de-regalo\/\" class=\"advgb-post-tax-term\">PACKS DE REGALO<\/a>"],"unlinked":["<span class=\"advgb-post-tax-term\">PACKS DE REGALO<\/span>"],"slug":"product_cat","name":"Categor\u00edas del producto"},"product_tag":{"linked":["<a href=\"https:\/\/kyodai.com.pe\/market\/etiqueta-producto\/engrie-a-mama\/\" class=\"advgb-post-tax-term\">engrie-a-mama<\/a>","<a href=\"https:\/\/kyodai.com.pe\/market\/etiqueta-producto\/feliz-dia-mama\/\" class=\"advgb-post-tax-term\">feliz-dia-mama<\/a>","<a href=\"https:\/\/kyodai.com.pe\/market\/etiqueta-producto\/mama\/\" class=\"advgb-post-tax-term\">mama<\/a>","<a href=\"https:\/\/kyodai.com.pe\/market\/etiqueta-producto\/regalo-para-mama\/\" class=\"advgb-post-tax-term\">regalo-para-mama<\/a>"],"unlinked":["<span class=\"advgb-post-tax-term\">engrie-a-mama<\/span>","<span class=\"advgb-post-tax-term\">feliz-dia-mama<\/span>","<span class=\"advgb-post-tax-term\">mama<\/span>","<span class=\"advgb-post-tax-term\">regalo-para-mama<\/span>"],"slug":"product_tag","name":"Etiquetas del producto"},"product_shipping_class":{"linked":[],"unlinked":[],"slug":"product_shipping_class","name":"Clases de env\u00edo del producto"},"pa_color_ropa":{"linked":[],"unlinked":[],"slug":"pa_color_ropa","name":"Color del producto"},"pa_grosor-de-la-pasta":{"linked":[],"unlinked":[],"slug":"pa_grosor-de-la-pasta","name":"Grosor de la pasta del producto"},"pa_modelo":{"linked":[],"unlinked":[],"slug":"pa_modelo","name":"Modelo del producto"},"pa_sabor":{"linked":[],"unlinked":[],"slug":"pa_sabor","name":"Sabor del producto"},"pa_talla_ropa":{"linked":[],"unlinked":[],"slug":"pa_talla_ropa","name":"Talla del producto"},"giftcard-category":{"linked":[],"unlinked":[],"slug":"giftcard-category","name":"Categor\u00edas de la tarjeta regalo"}},"series_order":"","_links":{"self":[{"href":"https:\/\/kyodai.com.pe\/market\/wp-json\/wp\/v2\/product\/23500"}],"collection":[{"href":"https:\/\/kyodai.com.pe\/market\/wp-json\/wp\/v2\/product"}],"about":[{"href":"https:\/\/kyodai.com.pe\/market\/wp-json\/wp\/v2\/types\/product"}],"replies":[{"embeddable":true,"href":"https:\/\/kyodai.com.pe\/market\/wp-json\/wp\/v2\/comments?post=23500"}],"wp:featuredmedia":[{"embeddable":true,"href":"https:\/\/kyodai.com.pe\/market\/wp-json\/wp\/v2\/media\/23483"}],"wp:attachment":[{"href":"https:\/\/kyodai.com.pe\/market\/wp-json\/wp\/v2\/media?parent=23500"}],"wp:term":[{"taxonomy":"product_cat","embeddable":true,"href":"https:\/\/kyodai.com.pe\/market\/wp-json\/wp\/v2\/product_cat?post=23500"},{"taxonomy":"product_tag","embeddable":true,"href":"https:\/\/kyodai.com.pe\/market\/wp-json\/wp\/v2\/product_tag?post=23500"},{"taxonomy":"giftcard-category","embeddable":true,"href":"https:\/\/kyodai.com.pe\/market\/wp-json\/wp\/v2\/giftcard-category?post=23500"}],"curies":[{"name":"wp","href":"https:\/\/api.w.org\/{rel}","templated":true}]}}